{"id":30586,"date":"2026-08-27T12:27:11","date_gmt":"2026-08-27T10:27:11","guid":{"rendered":"https:\/\/spainadults.com\/?post_type=evento&#038;p=30586"},"modified":"2026-08-27T12:27:12","modified_gmt":"2026-08-27T10:27:12","slug":"semana-de-la-moda-de-madrid","status":"publish","type":"evento","link":"https:\/\/spainadults.com\/en\/evento\/semana-de-la-moda-de-madrid\/","title":{"rendered":"Semana de la Moda de Madrid"},"content":{"rendered":"<p class=\"wp-block-paragraph\"><strong>Vuelve la Semana de la Moda de Madrid convirtiendo la ciudad en el punto m\u00e1s brillante del panorama del dise\u00f1o espa\u00f1ol del 7 al 19 de septiembre. La moda tomar\u00e1 las calles de la mano de grandes eventos como la Mercedes-Benz Fashion Week Madrid y C\u00d3MODA Madrid es Moda. Un total de diez jornadas que re\u00fanen a m\u00e1s de 60 dise\u00f1adores en 45 desfiles, adem\u00e1s de presentaciones,<\/strong> <strong><em>open days, performances<\/em><\/strong><strong>, exposiciones y<\/strong> <strong><em>shows<\/em><\/strong><strong>.<\/strong><\/p>\n\n\n\n<p class=\"wp-block-paragraph\">El Ayuntamiento de Madrid, a trav\u00e9s del proyecto de <strong>Madrid Capital de Moda,<\/strong> apuesta de nuevo por la moda de autor espa\u00f1ola, respaldando dos citas fundamentales <strong><\/strong>de la temporada como son <strong>Madrid es Moda<\/strong> de la Asociaci\u00f3n de Creadores de Moda de Espa\u00f1a (ACME) y <strong>Mercedes Benz Fashion Week Madrid.<\/strong><\/p>\n\n\n\n<p class=\"wp-block-paragraph\">La Semana de la Moda de Madrid consolida la ciudad como una de las grandes capitales de la moda, junto a Par\u00eds, Mil\u00e1n, Nueva York, Londres o Copenhague, a\u00f1adiendo una particularidad propia que es la de integrar pasarela profesional e industria con la ciudad y sus habitantes.<\/p>","protected":false},"excerpt":{"rendered":"<p>Vuelve la Semana de la Moda de Madrid convirtiendo la ciudad en el punto m\u00e1s brillante del panorama del dise\u00f1o espa\u00f1ol del 7 al 19 de septiembre. La moda tomar\u00e1 las calles de la mano de grandes eventos como la Mercedes-Benz Fashion Week Madrid y C\u00d3MODA Madrid es Moda. Un total de diez jornadas que [&hellip;]<\/p>\n","protected":false},"featured_media":30587,"template":"","meta":[],"evento_category":[],"evento_services":[],"ciudad":[957],"class_list":["post-30586","evento","type-evento","status-publish","has-post-thumbnail","hentry","ciudad-madrid"],"yoast_head":"<!-- This site is optimized with the Yoast SEO plugin v28.3 - https:\/\/yoast.com\/product\/yoast-seo-wordpress\/ -->\n<title>Semana de la Moda de Madrid - SpainAdults<\/title>\n<meta name=\"robots\" content=\"index, follow, max-snippet:-1, max-image-preview:large, max-video-preview:-1\" \/>\n<link rel=\"canonical\" href=\"https:\/\/spainadults.com\/en\/evento\/semana-de-la-moda-de-madrid\/\" \/>\n<meta property=\"og:locale\" content=\"en_US\" \/>\n<meta property=\"og:type\" content=\"article\" \/>\n<meta property=\"og:title\" content=\"Semana de la Moda de Madrid - SpainAdults\" \/>\n<meta property=\"og:description\" content=\"Vuelve la Semana de la Moda de Madrid convirtiendo la ciudad en el punto m\u00e1s brillante del panorama del dise\u00f1o espa\u00f1ol del 7 al 19 de septiembre. La moda tomar\u00e1 las calles de la mano de grandes eventos como la Mercedes-Benz Fashion Week Madrid y C\u00d3MODA Madrid es Moda. Un total de diez jornadas que [&hellip;]\" \/>\n<meta property=\"og:url\" content=\"https:\/\/spainadults.com\/en\/evento\/semana-de-la-moda-de-madrid\/\" \/>\n<meta property=\"og:site_name\" content=\"SpainAdults\" \/>\n<meta property=\"article:modified_time\" content=\"2026-08-27T10:27:12+00:00\" \/>\n<meta property=\"og:image\" content=\"https:\/\/spainadults.com\/wp-content\/uploads\/2026\/08\/images-12.jpg\" \/>\n\t<meta property=\"og:image:width\" content=\"738\" \/>\n\t<meta property=\"og:image:height\" content=\"414\" \/>\n\t<meta property=\"og:image:type\" content=\"image\/jpeg\" \/>\n<meta name=\"twitter:card\" content=\"summary_large_image\" \/>\n<meta name=\"twitter:label1\" content=\"Est. reading time\" \/>\n\t<meta name=\"twitter:data1\" content=\"1 minute\" \/>\n<script type=\"application\/ld+json\" class=\"yoast-schema-graph\">{\"@context\":\"https:\\\/\\\/schema.org\",\"@graph\":[{\"@type\":\"WebPage\",\"@id\":\"https:\\\/\\\/spainadults.com\\\/evento\\\/semana-de-la-moda-de-madrid\\\/\",\"url\":\"https:\\\/\\\/spainadults.com\\\/evento\\\/semana-de-la-moda-de-madrid\\\/\",\"name\":\"Semana de la Moda de Madrid - SpainAdults\",\"isPartOf\":{\"@id\":\"https:\\\/\\\/spainadults.com\\\/#website\"},\"primaryImageOfPage\":{\"@id\":\"https:\\\/\\\/spainadults.com\\\/evento\\\/semana-de-la-moda-de-madrid\\\/#primaryimage\"},\"image\":{\"@id\":\"https:\\\/\\\/spainadults.com\\\/evento\\\/semana-de-la-moda-de-madrid\\\/#primaryimage\"},\"thumbnailUrl\":\"https:\\\/\\\/spainadults.com\\\/wp-content\\\/uploads\\\/2026\\\/08\\\/images-12.jpg\",\"datePublished\":\"2026-08-27T10:27:11+00:00\",\"dateModified\":\"2026-08-27T10:27:12+00:00\",\"breadcrumb\":{\"@id\":\"https:\\\/\\\/spainadults.com\\\/evento\\\/semana-de-la-moda-de-madrid\\\/#breadcrumb\"},\"inLanguage\":\"en-US\",\"potentialAction\":[{\"@type\":\"ReadAction\",\"target\":[\"https:\\\/\\\/spainadults.com\\\/evento\\\/semana-de-la-moda-de-madrid\\\/\"]}]},{\"@type\":\"ImageObject\",\"inLanguage\":\"en-US\",\"@id\":\"https:\\\/\\\/spainadults.com\\\/evento\\\/semana-de-la-moda-de-madrid\\\/#primaryimage\",\"url\":\"https:\\\/\\\/spainadults.com\\\/wp-content\\\/uploads\\\/2026\\\/08\\\/images-12.jpg\",\"contentUrl\":\"https:\\\/\\\/spainadults.com\\\/wp-content\\\/uploads\\\/2026\\\/08\\\/images-12.jpg\",\"width\":738,\"height\":414},{\"@type\":\"BreadcrumbList\",\"@id\":\"https:\\\/\\\/spainadults.com\\\/evento\\\/semana-de-la-moda-de-madrid\\\/#breadcrumb\",\"itemListElement\":[{\"@type\":\"ListItem\",\"position\":1,\"name\":\"Portada\",\"item\":\"https:\\\/\\\/spainadults.com\\\/\"},{\"@type\":\"ListItem\",\"position\":2,\"name\":\"Eventos\",\"item\":\"https:\\\/\\\/spainadults.com\\\/evento\\\/\"},{\"@type\":\"ListItem\",\"position\":3,\"name\":\"Semana de la Moda de Madrid\"}]},{\"@type\":\"WebSite\",\"@id\":\"https:\\\/\\\/spainadults.com\\\/#website\",\"url\":\"https:\\\/\\\/spainadults.com\\\/\",\"name\":\"SpainAdults\",\"description\":\"Comunidad de ocio adulto y ambiente liberal y swinger en Espa\u00f1a: eventos y fiestas, espacios y locales, y hoteles para parejas en Sevilla y Madrid. Comunidad +18, discreta y segura.\",\"publisher\":{\"@id\":\"https:\\\/\\\/spainadults.com\\\/#organization\"},\"alternateName\":\"Comunidad de ocio adulto\",\"potentialAction\":[{\"@type\":\"SearchAction\",\"target\":{\"@type\":\"EntryPoint\",\"urlTemplate\":\"https:\\\/\\\/spainadults.com\\\/?s={search_term_string}\"},\"query-input\":{\"@type\":\"PropertyValueSpecification\",\"valueRequired\":true,\"valueName\":\"search_term_string\"}}],\"inLanguage\":\"en-US\"},{\"@type\":\"Organization\",\"@id\":\"https:\\\/\\\/spainadults.com\\\/#organization\",\"name\":\"SpainAdults\",\"url\":\"https:\\\/\\\/spainadults.com\\\/\",\"logo\":{\"@type\":\"ImageObject\",\"inLanguage\":\"en-US\",\"@id\":\"https:\\\/\\\/spainadults.com\\\/#\\\/schema\\\/logo\\\/image\\\/\",\"url\":\"https:\\\/\\\/spainadults.com\\\/wp-content\\\/uploads\\\/2026\\\/07\\\/LogoSpainAdultsSinFondo-1.webp\",\"contentUrl\":\"https:\\\/\\\/spainadults.com\\\/wp-content\\\/uploads\\\/2026\\\/07\\\/LogoSpainAdultsSinFondo-1.webp\",\"width\":1424,\"height\":304,\"caption\":\"SpainAdults\"},\"image\":{\"@id\":\"https:\\\/\\\/spainadults.com\\\/#\\\/schema\\\/logo\\\/image\\\/\"},\"areaServed\":[{\"@type\":\"Country\",\"name\":\"Espa\u00f1a\"},{\"@type\":\"City\",\"name\":\"Sevilla\"},{\"@type\":\"City\",\"name\":\"Madrid\"}],\"knowsAbout\":[\"ambiente liberal\",\"comunidad swinger\",\"parejas liberales\",\"eventos swinger\",\"fiestas liberales\",\"locales liberales\",\"clubs swinger\",\"hoteles para parejas\",\"ocio adulto\",\"ambiente liberal Sevilla\",\"ambiente liberal Madrid\"],\"telephone\":\"+34661359295\",\"contactPoint\":{\"@type\":\"ContactPoint\",\"contactType\":\"customer support\",\"telephone\":\"+34661359295\",\"areaServed\":\"ES\",\"availableLanguage\":\"Spanish\"},\"sameAs\":[\"https:\\\/\\\/www.instagram.com\\\/spainadults\\\/\"]}]}<\/script>\n<!-- \/ Yoast SEO plugin. -->","yoast_head_json":{"title":"Semana de la Moda de Madrid - SpainAdults","robots":{"index":"index","follow":"follow","max-snippet":"max-snippet:-1","max-image-preview":"max-image-preview:large","max-video-preview":"max-video-preview:-1"},"canonical":"https:\/\/spainadults.com\/en\/evento\/semana-de-la-moda-de-madrid\/","og_locale":"en_US","og_type":"article","og_title":"Semana de la Moda de Madrid - SpainAdults","og_description":"Vuelve la Semana de la Moda de Madrid convirtiendo la ciudad en el punto m\u00e1s brillante del panorama del dise\u00f1o espa\u00f1ol del 7 al 19 de septiembre. La moda tomar\u00e1 las calles de la mano de grandes eventos como la Mercedes-Benz Fashion Week Madrid y C\u00d3MODA Madrid es Moda. Un total de diez jornadas que [&hellip;]","og_url":"https:\/\/spainadults.com\/en\/evento\/semana-de-la-moda-de-madrid\/","og_site_name":"SpainAdults","article_modified_time":"2026-08-27T10:27:12+00:00","og_image":[{"width":738,"height":414,"url":"https:\/\/spainadults.com\/wp-content\/uploads\/2026\/08\/images-12.jpg","type":"image\/jpeg"}],"twitter_card":"summary_large_image","twitter_misc":{"Est. reading time":"1 minute"},"schema":{"@context":"https:\/\/schema.org","@graph":[{"@type":"WebPage","@id":"https:\/\/spainadults.com\/evento\/semana-de-la-moda-de-madrid\/","url":"https:\/\/spainadults.com\/evento\/semana-de-la-moda-de-madrid\/","name":"Semana de la Moda de Madrid - SpainAdults","isPartOf":{"@id":"https:\/\/spainadults.com\/#website"},"primaryImageOfPage":{"@id":"https:\/\/spainadults.com\/evento\/semana-de-la-moda-de-madrid\/#primaryimage"},"image":{"@id":"https:\/\/spainadults.com\/evento\/semana-de-la-moda-de-madrid\/#primaryimage"},"thumbnailUrl":"https:\/\/spainadults.com\/wp-content\/uploads\/2026\/08\/images-12.jpg","datePublished":"2026-08-27T10:27:11+00:00","dateModified":"2026-08-27T10:27:12+00:00","breadcrumb":{"@id":"https:\/\/spainadults.com\/evento\/semana-de-la-moda-de-madrid\/#breadcrumb"},"inLanguage":"en-US","potentialAction":[{"@type":"ReadAction","target":["https:\/\/spainadults.com\/evento\/semana-de-la-moda-de-madrid\/"]}]},{"@type":"ImageObject","inLanguage":"en-US","@id":"https:\/\/spainadults.com\/evento\/semana-de-la-moda-de-madrid\/#primaryimage","url":"https:\/\/spainadults.com\/wp-content\/uploads\/2026\/08\/images-12.jpg","contentUrl":"https:\/\/spainadults.com\/wp-content\/uploads\/2026\/08\/images-12.jpg","width":738,"height":414},{"@type":"BreadcrumbList","@id":"https:\/\/spainadults.com\/evento\/semana-de-la-moda-de-madrid\/#breadcrumb","itemListElement":[{"@type":"ListItem","position":1,"name":"Portada","item":"https:\/\/spainadults.com\/"},{"@type":"ListItem","position":2,"name":"Eventos","item":"https:\/\/spainadults.com\/evento\/"},{"@type":"ListItem","position":3,"name":"Semana de la Moda de Madrid"}]},{"@type":"WebSite","@id":"https:\/\/spainadults.com\/#website","url":"https:\/\/spainadults.com\/","name":"SpainAdults","description":"Comunidad de ocio adulto y ambiente liberal y swinger en Espa\u00f1a: eventos y fiestas, espacios y locales, y hoteles para parejas en Sevilla y Madrid. Comunidad +18, discreta y segura.","publisher":{"@id":"https:\/\/spainadults.com\/#organization"},"alternateName":"Comunidad de ocio adulto","potentialAction":[{"@type":"SearchAction","target":{"@type":"EntryPoint","urlTemplate":"https:\/\/spainadults.com\/?s={search_term_string}"},"query-input":{"@type":"PropertyValueSpecification","valueRequired":true,"valueName":"search_term_string"}}],"inLanguage":"en-US"},{"@type":"Organization","@id":"https:\/\/spainadults.com\/#organization","name":"SpainAdults","url":"https:\/\/spainadults.com\/","logo":{"@type":"ImageObject","inLanguage":"en-US","@id":"https:\/\/spainadults.com\/#\/schema\/logo\/image\/","url":"https:\/\/spainadults.com\/wp-content\/uploads\/2026\/07\/LogoSpainAdultsSinFondo-1.webp","contentUrl":"https:\/\/spainadults.com\/wp-content\/uploads\/2026\/07\/LogoSpainAdultsSinFondo-1.webp","width":1424,"height":304,"caption":"SpainAdults"},"image":{"@id":"https:\/\/spainadults.com\/#\/schema\/logo\/image\/"},"areaServed":[{"@type":"Country","name":"Espa\u00f1a"},{"@type":"City","name":"Sevilla"},{"@type":"City","name":"Madrid"}],"knowsAbout":["ambiente liberal","comunidad swinger","parejas liberales","eventos swinger","fiestas liberales","locales liberales","clubs swinger","hoteles para parejas","ocio adulto","ambiente liberal Sevilla","ambiente liberal Madrid"],"telephone":"+34661359295","contactPoint":{"@type":"ContactPoint","contactType":"customer support","telephone":"+34661359295","areaServed":"ES","availableLanguage":"Spanish"},"sameAs":["https:\/\/www.instagram.com\/spainadults\/"]}]}},"_links":{"self":[{"href":"https:\/\/spainadults.com\/en\/wp-json\/wp\/v2\/evento\/30586","targetHints":{"allow":["GET"]}}],"collection":[{"href":"https:\/\/spainadults.com\/en\/wp-json\/wp\/v2\/evento"}],"about":[{"href":"https:\/\/spainadults.com\/en\/wp-json\/wp\/v2\/types\/evento"}],"wp:featuredmedia":[{"embeddable":true,"href":"https:\/\/spainadults.com\/en\/wp-json\/wp\/v2\/media\/30587"}],"wp:attachment":[{"href":"https:\/\/spainadults.com\/en\/wp-json\/wp\/v2\/media?parent=30586"}],"wp:term":[{"taxonomy":"evento_category","embeddable":true,"href":"https:\/\/spainadults.com\/en\/wp-json\/wp\/v2\/evento_category?post=30586"},{"taxonomy":"evento_services","embeddable":true,"href":"https:\/\/spainadults.com\/en\/wp-json\/wp\/v2\/evento_services?post=30586"},{"taxonomy":"ciudad","embeddable":true,"href":"https:\/\/spainadults.com\/en\/wp-json\/wp\/v2\/ciudad?post=30586"}],"curies":[{"name":"wp","href":"https:\/\/api.w.org\/{rel}","templated":true}]}}

<p class="wp-block-paragraph"><strong>Vuelve la Semana de la Moda de Madrid convirtiendo la ciudad en el punto más brillante del panorama del diseño español del 7 al 19 de septiembre. La moda tomará las calles de la mano de grandes eventos como la Mercedes-Benz Fashion Week Madrid y CÓMODA Madrid es Moda. Un total de diez jornadas que reúnen a más de 60 diseñadores en 45 desfiles, además de presentaciones,</strong> <strong><em>open days, performances</em></strong><strong>, exposiciones y</strong> <strong><em>shows</em></strong><strong>.</strong></p>



<p class="wp-block-paragraph">El Ayuntamiento de Madrid, a través del proyecto de <strong>Madrid Capital de Moda,</strong> apuesta de nuevo por la moda de autor española, respaldando dos citas fundamentales <strong></strong>de la temporada como son <strong>Madrid es Moda</strong> de la Asociación de Creadores de Moda de España (ACME) y <strong>Mercedes Benz Fashion Week Madrid.</strong></p>



<p class="wp-block-paragraph">La Semana de la Moda de Madrid consolida la ciudad como una de las grandes capitales de la moda, junto a París, Milán, Nueva York, Londres o Copenhague, añadiendo una particularidad propia que es la de integrar pasarela profesional e industria con la ciudad y sus habitantes.</p>

<p>Vuelve la Semana de la Moda de Madrid convirtiendo la ciudad en el punto más brillante del panorama del diseño español del 7 al 19 de septiembre. La moda tomará las calles de la mano de grandes eventos como la Mercedes-Benz Fashion Week Madrid y CÓMODA Madrid es Moda. Un total de diez jornadas que [&hellip;]</p>

<!-- This site is optimized with the Yoast SEO plugin v28.3 - https://yoast.com/product/yoast-seo-wordpress/ -->
<title>Semana de la Moda de Madrid - SpainAdults</title>
<meta name="robots" content="index, follow, max-snippet:-1, max-image-preview:large, max-video-preview:-1" />
<link rel="canonical" href="https://spainadults.com/en/evento/semana-de-la-moda-de-madrid/" />
<meta property="og:locale" content="en_US" />
<meta property="og:type" content="article" />
<meta property="og:title" content="Semana de la Moda de Madrid - SpainAdults" />
<meta property="og:description" content="Vuelve la Semana de la Moda de Madrid convirtiendo la ciudad en el punto más brillante del panorama del diseño español del 7 al 19 de septiembre. La moda tomará las calles de la mano de grandes eventos como la Mercedes-Benz Fashion Week Madrid y CÓMODA Madrid es Moda. Un total de diez jornadas que [&hellip;]" />
<meta property="og:url" content="https://spainadults.com/en/evento/semana-de-la-moda-de-madrid/" />
<meta property="og:site_name" content="SpainAdults" />
<meta property="article:modified_time" content="2026-08-27T10:27:12+00:00" />
<meta property="og:image" content="https://spainadults.com/wp-content/uploads/2026/08/images-12.jpg" />
	<meta property="og:image:width" content="738" />
	<meta property="og:image:height" content="414" />
	<meta property="og:image:type" content="image/jpeg" />
<meta name="twitter:card" content="summary_large_image" />
<meta name="twitter:label1" content="Est. reading time" />
	<meta name="twitter:data1" content="1 minute" />
<script type="application/ld+json" class="yoast-schema-graph">{"@context":"https:\/\/schema.org","@graph":[{"@type":"WebPage","@id":"https:\/\/spainadults.com\/evento\/semana-de-la-moda-de-madrid\/","url":"https:\/\/spainadults.com\/evento\/semana-de-la-moda-de-madrid\/","name":"Semana de la Moda de Madrid - SpainAdults","isPartOf":{"@id":"https:\/\/spainadults.com\/#website"},"primaryImageOfPage":{"@id":"https:\/\/spainadults.com\/evento\/semana-de-la-moda-de-madrid\/#primaryimage"},"image":{"@id":"https:\/\/spainadults.com\/evento\/semana-de-la-moda-de-madrid\/#primaryimage"},"thumbnailUrl":"https:\/\/spainadults.com\/wp-content\/uploads\/2026\/08\/images-12.jpg","datePublished":"2026-08-27T10:27:11+00:00","dateModified":"2026-08-27T10:27:12+00:00","breadcrumb":{"@id":"https:\/\/spainadults.com\/evento\/semana-de-la-moda-de-madrid\/#breadcrumb"},"inLanguage":"en-US","potentialAction":[{"@type":"ReadAction","target":["https:\/\/spainadults.com\/evento\/semana-de-la-moda-de-madrid\/"]}]},{"@type":"ImageObject","inLanguage":"en-US","@id":"https:\/\/spainadults.com\/evento\/semana-de-la-moda-de-madrid\/#primaryimage","url":"https:\/\/spainadults.com\/wp-content\/uploads\/2026\/08\/images-12.jpg","contentUrl":"https:\/\/spainadults.com\/wp-content\/uploads\/2026\/08\/images-12.jpg","width":738,"height":414},{"@type":"BreadcrumbList","@id":"https:\/\/spainadults.com\/evento\/semana-de-la-moda-de-madrid\/#breadcrumb","itemListElement":[{"@type":"ListItem","position":1,"name":"Portada","item":"https:\/\/spainadults.com\/"},{"@type":"ListItem","position":2,"name":"Eventos","item":"https:\/\/spainadults.com\/evento\/"},{"@type":"ListItem","position":3,"name":"Semana de la Moda de Madrid"}]},{"@type":"WebSite","@id":"https:\/\/spainadults.com\/#website","url":"https:\/\/spainadults.com\/","name":"SpainAdults","description":"Comunidad de ocio adulto y ambiente liberal y swinger en España: eventos y fiestas, espacios y locales, y hoteles para parejas en Sevilla y Madrid. Comunidad +18, discreta y segura.","publisher":{"@id":"https:\/\/spainadults.com\/#organization"},"alternateName":"Comunidad de ocio adulto","potentialAction":[{"@type":"SearchAction","target":{"@type":"EntryPoint","urlTemplate":"https:\/\/spainadults.com\/?s={search_term_string}"},"query-input":{"@type":"PropertyValueSpecification","valueRequired":true,"valueName":"search_term_string"}}],"inLanguage":"en-US"},{"@type":"Organization","@id":"https:\/\/spainadults.com\/#organization","name":"SpainAdults","url":"https:\/\/spainadults.com\/","logo":{"@type":"ImageObject","inLanguage":"en-US","@id":"https:\/\/spainadults.com\/#\/schema\/logo\/image\/","url":"https:\/\/spainadults.com\/wp-content\/uploads\/2026\/07\/LogoSpainAdultsSinFondo-1.webp","contentUrl":"https:\/\/spainadults.com\/wp-content\/uploads\/2026\/07\/LogoSpainAdultsSinFondo-1.webp","width":1424,"height":304,"caption":"SpainAdults"},"image":{"@id":"https:\/\/spainadults.com\/#\/schema\/logo\/image\/"},"areaServed":[{"@type":"Country","name":"España"},{"@type":"City","name":"Sevilla"},{"@type":"City","name":"Madrid"}],"knowsAbout":["ambiente liberal","comunidad swinger","parejas liberales","eventos swinger","fiestas liberales","locales liberales","clubs swinger","hoteles para parejas","ocio adulto","ambiente liberal Sevilla","ambiente liberal Madrid"],"telephone":"+34661359295","contactPoint":{"@type":"ContactPoint","contactType":"customer support","telephone":"+34661359295","areaServed":"ES","availableLanguage":"Spanish"},"sameAs":["https:\/\/www.instagram.com\/spainadults\/"]}]}</script>
<!-- / Yoast SEO plugin. -->

Vuelve la Semana de la Moda de Madrid convirtiendo la ciudad en el punto más brillante del panorama del diseño español del 7 al 19 de septiembre. La moda tomará las calles de la mano de grandes eventos como la Mercedes-Benz Fashion Week Madrid y CÓMODA Madrid es Moda. Un total de diez jornadas que [&hellip;]

Comunidad de ocio adulto y ambiente liberal y swinger en España: eventos y fiestas, espacios y locales, y hoteles para parejas en Sevilla y Madrid. Comunidad +18, discreta y segura.

España
